{"id":8179,"date":"2020-05-29T12:46:04","date_gmt":"2020-05-29T12:46:04","guid":{"rendered":"https:\/\/www.estampame.com\/sitioweb\/?post_type=product&#038;p=8179"},"modified":"2024-03-12T12:27:36","modified_gmt":"2024-03-12T12:27:36","slug":"remera-hey-arnold","status":"publish","type":"product","link":"https:\/\/www.estampame.com\/sitioweb\/shop\/remera-hey-arnold\/","title":{"rendered":"Remera Hey Arnold!"},"content":{"rendered":"<p>Remera algod\u00f3n 100% estampada en impresi\u00f3n l\u00e1ser.<\/p>\n","protected":false},"excerpt":{"rendered":"<p>Remera algod\u00f3n 100% estampada en impresi\u00f3n l\u00e1ser.<\/p>\n","protected":false},"featured_media":8183,"template":"","meta":[],"product_brand":[],"product_cat":[163],"product_tag":[],"class_list":{"0":"post-8179","1":"product","2":"type-product","3":"status-publish","4":"has-post-thumbnail","6":"product_cat-series","7":"sales-flash-overlay","8":"woocommerce-text-align-center","9":"woocommerce-image-align-center","10":"do-quantity-buttons","12":"first","13":"instock","14":"shipping-taxable","15":"purchasable","16":"product-type-simple"},"yoast_head":"<!-- This site is optimized with the Yoast SEO plugin v26.3 - https:\/\/yoast.com\/wordpress\/plugins\/seo\/ -->\n<title>Remera Hey Arnold! - Estampame<\/title>\n<meta name=\"robots\" content=\"index, follow, max-snippet:-1, max-image-preview:large, max-video-preview:-1\" \/>\n<link rel=\"canonical\" href=\"https:\/\/www.estampame.com\/sitioweb\/shop\/remera-hey-arnold\/\" \/>\n<meta property=\"og:locale\" content=\"es_ES\" \/>\n<meta property=\"og:type\" content=\"article\" \/>\n<meta property=\"og:title\" content=\"Remera Hey Arnold! - Estampame\" \/>\n<meta property=\"og:description\" content=\"Remera algod\u00f3n 100% estampada en impresi\u00f3n l\u00e1ser.\" \/>\n<meta property=\"og:url\" content=\"https:\/\/www.estampame.com\/sitioweb\/shop\/remera-hey-arnold\/\" \/>\n<meta property=\"og:site_name\" content=\"Estampame\" \/>\n<meta property=\"article:publisher\" content=\"https:\/\/www.facebook.com\/estampameremeras\/\" \/>\n<meta property=\"article:modified_time\" content=\"2024-03-12T12:27:36+00:00\" \/>\n<meta property=\"og:image\" content=\"https:\/\/www.estampame.com\/sitioweb\/wp-content\/uploads\/2020\/05\/4.jpg\" \/>\n\t<meta property=\"og:image:width\" content=\"1200\" \/>\n\t<meta property=\"og:image:height\" content=\"1200\" \/>\n\t<meta property=\"og:image:type\" content=\"image\/jpeg\" \/>\n<meta name=\"twitter:card\" content=\"summary_large_image\" \/>\n<script type=\"application\/ld+json\" class=\"yoast-schema-graph\">{\"@context\":\"https:\/\/schema.org\",\"@graph\":[{\"@type\":\"WebPage\",\"@id\":\"https:\/\/www.estampame.com\/sitioweb\/shop\/remera-hey-arnold\/\",\"url\":\"https:\/\/www.estampame.com\/sitioweb\/shop\/remera-hey-arnold\/\",\"name\":\"Remera Hey Arnold! - Estampame\",\"isPartOf\":{\"@id\":\"https:\/\/www.estampame.com\/sitioweb\/#website\"},\"primaryImageOfPage\":{\"@id\":\"https:\/\/www.estampame.com\/sitioweb\/shop\/remera-hey-arnold\/#primaryimage\"},\"image\":{\"@id\":\"https:\/\/www.estampame.com\/sitioweb\/shop\/remera-hey-arnold\/#primaryimage\"},\"thumbnailUrl\":\"https:\/\/www.estampame.com\/sitioweb\/wp-content\/uploads\/2020\/05\/4.jpg\",\"datePublished\":\"2020-05-29T12:46:04+00:00\",\"dateModified\":\"2024-03-12T12:27:36+00:00\",\"breadcrumb\":{\"@id\":\"https:\/\/www.estampame.com\/sitioweb\/shop\/remera-hey-arnold\/#breadcrumb\"},\"inLanguage\":\"es\",\"potentialAction\":[{\"@type\":\"ReadAction\",\"target\":[\"https:\/\/www.estampame.com\/sitioweb\/shop\/remera-hey-arnold\/\"]}]},{\"@type\":\"ImageObject\",\"inLanguage\":\"es\",\"@id\":\"https:\/\/www.estampame.com\/sitioweb\/shop\/remera-hey-arnold\/#primaryimage\",\"url\":\"https:\/\/www.estampame.com\/sitioweb\/wp-content\/uploads\/2020\/05\/4.jpg\",\"contentUrl\":\"https:\/\/www.estampame.com\/sitioweb\/wp-content\/uploads\/2020\/05\/4.jpg\",\"width\":1200,\"height\":1200},{\"@type\":\"BreadcrumbList\",\"@id\":\"https:\/\/www.estampame.com\/sitioweb\/shop\/remera-hey-arnold\/#breadcrumb\",\"itemListElement\":[{\"@type\":\"ListItem\",\"position\":1,\"name\":\"Portada\",\"item\":\"https:\/\/www.estampame.com\/sitioweb\/\"},{\"@type\":\"ListItem\",\"position\":2,\"name\":\"Shop\",\"item\":\"https:\/\/www.estampame.com\/sitioweb\/shop-2\/\"},{\"@type\":\"ListItem\",\"position\":3,\"name\":\"Remera Hey Arnold!\"}]},{\"@type\":\"WebSite\",\"@id\":\"https:\/\/www.estampame.com\/sitioweb\/#website\",\"url\":\"https:\/\/www.estampame.com\/sitioweb\/\",\"name\":\"Estampame\",\"description\":\"Remeras Personalizadas - Sin M\u00ednimos - Urgentes\",\"potentialAction\":[{\"@type\":\"SearchAction\",\"target\":{\"@type\":\"EntryPoint\",\"urlTemplate\":\"https:\/\/www.estampame.com\/sitioweb\/?s={search_term_string}\"},\"query-input\":{\"@type\":\"PropertyValueSpecification\",\"valueRequired\":true,\"valueName\":\"search_term_string\"}}],\"inLanguage\":\"es\"}]}<\/script>\n<!-- \/ Yoast SEO plugin. -->","yoast_head_json":{"title":"Remera Hey Arnold! - Estampame","robots":{"index":"index","follow":"follow","max-snippet":"max-snippet:-1","max-image-preview":"max-image-preview:large","max-video-preview":"max-video-preview:-1"},"canonical":"https:\/\/www.estampame.com\/sitioweb\/shop\/remera-hey-arnold\/","og_locale":"es_ES","og_type":"article","og_title":"Remera Hey Arnold! - Estampame","og_description":"Remera algod\u00f3n 100% estampada en impresi\u00f3n l\u00e1ser.","og_url":"https:\/\/www.estampame.com\/sitioweb\/shop\/remera-hey-arnold\/","og_site_name":"Estampame","article_publisher":"https:\/\/www.facebook.com\/estampameremeras\/","article_modified_time":"2024-03-12T12:27:36+00:00","og_image":[{"width":1200,"height":1200,"url":"https:\/\/www.estampame.com\/sitioweb\/wp-content\/uploads\/2020\/05\/4.jpg","type":"image\/jpeg"}],"twitter_card":"summary_large_image","schema":{"@context":"https:\/\/schema.org","@graph":[{"@type":"WebPage","@id":"https:\/\/www.estampame.com\/sitioweb\/shop\/remera-hey-arnold\/","url":"https:\/\/www.estampame.com\/sitioweb\/shop\/remera-hey-arnold\/","name":"Remera Hey Arnold! - Estampame","isPartOf":{"@id":"https:\/\/www.estampame.com\/sitioweb\/#website"},"primaryImageOfPage":{"@id":"https:\/\/www.estampame.com\/sitioweb\/shop\/remera-hey-arnold\/#primaryimage"},"image":{"@id":"https:\/\/www.estampame.com\/sitioweb\/shop\/remera-hey-arnold\/#primaryimage"},"thumbnailUrl":"https:\/\/www.estampame.com\/sitioweb\/wp-content\/uploads\/2020\/05\/4.jpg","datePublished":"2020-05-29T12:46:04+00:00","dateModified":"2024-03-12T12:27:36+00:00","breadcrumb":{"@id":"https:\/\/www.estampame.com\/sitioweb\/shop\/remera-hey-arnold\/#breadcrumb"},"inLanguage":"es","potentialAction":[{"@type":"ReadAction","target":["https:\/\/www.estampame.com\/sitioweb\/shop\/remera-hey-arnold\/"]}]},{"@type":"ImageObject","inLanguage":"es","@id":"https:\/\/www.estampame.com\/sitioweb\/shop\/remera-hey-arnold\/#primaryimage","url":"https:\/\/www.estampame.com\/sitioweb\/wp-content\/uploads\/2020\/05\/4.jpg","contentUrl":"https:\/\/www.estampame.com\/sitioweb\/wp-content\/uploads\/2020\/05\/4.jpg","width":1200,"height":1200},{"@type":"BreadcrumbList","@id":"https:\/\/www.estampame.com\/sitioweb\/shop\/remera-hey-arnold\/#breadcrumb","itemListElement":[{"@type":"ListItem","position":1,"name":"Portada","item":"https:\/\/www.estampame.com\/sitioweb\/"},{"@type":"ListItem","position":2,"name":"Shop","item":"https:\/\/www.estampame.com\/sitioweb\/shop-2\/"},{"@type":"ListItem","position":3,"name":"Remera Hey Arnold!"}]},{"@type":"WebSite","@id":"https:\/\/www.estampame.com\/sitioweb\/#website","url":"https:\/\/www.estampame.com\/sitioweb\/","name":"Estampame","description":"Remeras Personalizadas - Sin M\u00ednimos - Urgentes","potentialAction":[{"@type":"SearchAction","target":{"@type":"EntryPoint","urlTemplate":"https:\/\/www.estampame.com\/sitioweb\/?s={search_term_string}"},"query-input":{"@type":"PropertyValueSpecification","valueRequired":true,"valueName":"search_term_string"}}],"inLanguage":"es"}]}},"_links":{"self":[{"href":"https:\/\/www.estampame.com\/sitioweb\/wp-json\/wp\/v2\/product\/8179","targetHints":{"allow":["GET"]}}],"collection":[{"href":"https:\/\/www.estampame.com\/sitioweb\/wp-json\/wp\/v2\/product"}],"about":[{"href":"https:\/\/www.estampame.com\/sitioweb\/wp-json\/wp\/v2\/types\/product"}],"wp:featuredmedia":[{"embeddable":true,"href":"https:\/\/www.estampame.com\/sitioweb\/wp-json\/wp\/v2\/media\/8183"}],"wp:attachment":[{"href":"https:\/\/www.estampame.com\/sitioweb\/wp-json\/wp\/v2\/media?parent=8179"}],"wp:term":[{"taxonomy":"product_brand","embeddable":true,"href":"https:\/\/www.estampame.com\/sitioweb\/wp-json\/wp\/v2\/product_brand?post=8179"},{"taxonomy":"product_cat","embeddable":true,"href":"https:\/\/www.estampame.com\/sitioweb\/wp-json\/wp\/v2\/product_cat?post=8179"},{"taxonomy":"product_tag","embeddable":true,"href":"https:\/\/www.estampame.com\/sitioweb\/wp-json\/wp\/v2\/product_tag?post=8179"}],"curies":[{"name":"wp","href":"https:\/\/api.w.org\/{rel}","templated":true}]}}