{"id":7485,"date":"2019-02-08T15:38:29","date_gmt":"2019-02-08T15:38:29","guid":{"rendered":"https:\/\/www.estampame.com\/sitioweb\/?page_id=7485"},"modified":"2021-07-16T00:58:23","modified_gmt":"2021-07-16T00:58:23","slug":"hace-tu-propio-diseno","status":"publish","type":"page","link":"https:\/\/www.estampame.com\/sitioweb\/hace-tu-propio-diseno\/","title":{"rendered":"Hac\u00e9 tu propio Dise\u00f1o!"},"content":{"rendered":"\n<p>A continuaci\u00f3n te invitamos a enviarnos tu propio dise\u00f1o de Remera, Gorro o Buzo y enviarlo para que te coticemos y realicemos.<\/p>\n\n\n\n<h4 class=\"wp-block-heading\">Pod\u00e9s cambiar el color de la prenda y editar\/agregar textos, im\u00e1genes o fotos desde tu PC o dispositivo, adem\u00e1s de dise\u00f1ar el frente y el dorso. No olvides eliminar las im\u00e1genes y textos que vienen en el ejemplo. Podes descargarte el dise\u00f1o antes de enviarlo.<\/h4>\n\n\n\n<p>\t\t\t\t<div class=\"fpd-product-designer-wrapper\">\n\t\t\t\t\t<div id=\"fancy-product-designer-7485\" class=\"fpd-container fpd-topbar fpd-views-inside-left fpd-shadow-1 fpd-top-actions-centered fpd-bottom-actions-centered fpd-device-desktop fpd-clearfix fpd-grid-columns-2\"><\/div>\n\t\t\t\t<\/div>\n\t\t\t\t\t\t\t<form name=\"fpd_shortcode_form\">\n\t\t\t\t\t\t\t\t<p class=\"fpd-shortcode-price-wrapper\">\n\t\t\t\t\t<span class=\"fpd-shortcode-price\" data-priceformat=\"$%d\"><\/span>\n\t\t\t\t<\/p>\n\t\t\t\t\t\t\t\t<input \n\t\t\t\t\ttype=\"text\" \n\t\t\t\t\tname=\"fpd_shortcode_form_name\" \n\t\t\t\t\tplaceholder=\"Ingres\u00e1 tu Nombre - Talle y cualquier otro comentario.\" \n\t\t\t\t\tclass=\"fpd-shortcode-form-text-input\" \n\t\t\t\t\tvalue=\"\"\n\t\t\t\t\/>\n\t\t\t\t<input \n\t\t\t\t\ttype=\"email\" \n\t\t\t\t\tname=\"fpd_shortcode_form_email\" \n\t\t\t\t\tplaceholder=\"Ingres\u00e1 tu Email\" \n\t\t\t\t\tclass=\"fpd-shortcode-form-text-input\" \n\t\t\t\t\tvalue=\"\"\n\t\t\t\t\/>\n\t\t\t\t<input \n\t\t\t\t\ttype=\"hidden\" \n\t\t\t\t\tname=\"fpd_product\" \n\t\t\t\t\/>\n\t\t\t\t<input \n\t\t\t\t\ttype=\"submit\" \n\t\t\t\t\tclass=\"fpd-disabled fpd-blue-btn\" \n\t\t\t\t\tvalue=\"Enviar - Esperar unos segundo a recibir la confirmaci\u00f3n de Envio.\"\t\n\t\t\t\t\/>\n\t\t\t<\/form>\n\t\t\t<\/p>\n\n\n\n<h4 class=\"wp-block-heading\">ATENCION: Si no se te env\u00eda el dise\u00f1o&#8230;<\/h4>\n\n\n\n<ol class=\"wp-block-list\"><li>Hacer clic en el \u00abcandadito\u00bb que figura junto a la URL (s\u00f3lo en Google Chrome).<\/li><li>Seleccionar el bot\u00f3n de \u00abConfiguraci\u00f3n del sitio web\u00bb.<\/li><li>Buscar el \u00edtem de \u00abVentanas emergentes y redirecciones\u00bb y cambiar su valor a \u00abPermitir\u00bb. Lo mismo con Flash y Contenido No Seguro.<\/li><li>Cerrar la ventana de configuraci\u00f3n y recargar la p\u00e1gina (F5)<\/li><\/ol>\n","protected":false},"excerpt":{"rendered":"<p>A continuaci\u00f3n te invitamos a enviarnos tu propio dise\u00f1o de Remera, Gorro o Buzo y enviarlo para que te coticemos y realicemos. Pod\u00e9s cambiar el color de la prenda y editar\/agregar textos, im\u00e1genes o fotos desde tu PC o dispositivo, adem\u00e1s de dise\u00f1ar el frente y el dorso. No olvides eliminar las im\u00e1genes y textos &#8230; <a title=\"Hac\u00e9 tu propio Dise\u00f1o!\" class=\"read-more\" href=\"https:\/\/www.estampame.com\/sitioweb\/hace-tu-propio-diseno\/\" aria-label=\"Leer m\u00e1s sobre Hac\u00e9 tu propio Dise\u00f1o!\">Leer m\u00e1s<\/a><\/p>\n","protected":false},"author":1,"featured_media":0,"parent":0,"menu_order":0,"comment_status":"closed","ping_status":"closed","template":"","meta":{"footnotes":""},"class_list":["post-7485","page","type-page","status-publish"],"yoast_head":"<!-- This site is optimized with the Yoast SEO plugin v26.3 - https:\/\/yoast.com\/wordpress\/plugins\/seo\/ -->\n<title>Hac\u00e9 tu propio Dise\u00f1o! - Estampame<\/title>\n<meta name=\"robots\" content=\"index, follow, max-snippet:-1, max-image-preview:large, max-video-preview:-1\" \/>\n<link rel=\"canonical\" href=\"https:\/\/www.estampame.com\/sitioweb\/hace-tu-propio-diseno\/\" \/>\n<meta property=\"og:locale\" content=\"es_ES\" \/>\n<meta property=\"og:type\" content=\"article\" \/>\n<meta property=\"og:title\" content=\"Hac\u00e9 tu propio Dise\u00f1o! - Estampame\" \/>\n<meta property=\"og:description\" content=\"A continuaci\u00f3n te invitamos a enviarnos tu propio dise\u00f1o de Remera, Gorro o Buzo y enviarlo para que te coticemos y realicemos. Pod\u00e9s cambiar el color de la prenda y editar\/agregar textos, im\u00e1genes o fotos desde tu PC o dispositivo, adem\u00e1s de dise\u00f1ar el frente y el dorso. No olvides eliminar las im\u00e1genes y textos ... Leer m\u00e1s\" \/>\n<meta property=\"og:url\" content=\"https:\/\/www.estampame.com\/sitioweb\/hace-tu-propio-diseno\/\" \/>\n<meta property=\"og:site_name\" content=\"Estampame\" \/>\n<meta property=\"article:publisher\" content=\"https:\/\/www.facebook.com\/estampameremeras\/\" \/>\n<meta property=\"article:modified_time\" content=\"2021-07-16T00:58:23+00:00\" \/>\n<meta property=\"og:image\" content=\"https:\/\/www.estampame.com\/sitioweb\/wp-content\/uploads\/2020\/04\/Estampame-1.jpg\" \/>\n\t<meta property=\"og:image:width\" content=\"816\" \/>\n\t<meta property=\"og:image:height\" content=\"359\" \/>\n\t<meta property=\"og:image:type\" content=\"image\/jpeg\" \/>\n<meta name=\"twitter:card\" content=\"summary_large_image\" \/>\n<meta name=\"twitter:label1\" content=\"Tiempo de lectura\" \/>\n\t<meta name=\"twitter:data1\" content=\"1 minuto\" \/>\n<script type=\"application\/ld+json\" class=\"yoast-schema-graph\">{\"@context\":\"https:\/\/schema.org\",\"@graph\":[{\"@type\":\"WebPage\",\"@id\":\"https:\/\/www.estampame.com\/sitioweb\/hace-tu-propio-diseno\/\",\"url\":\"https:\/\/www.estampame.com\/sitioweb\/hace-tu-propio-diseno\/\",\"name\":\"Hac\u00e9 tu propio Dise\u00f1o! - Estampame\",\"isPartOf\":{\"@id\":\"https:\/\/www.estampame.com\/sitioweb\/#website\"},\"datePublished\":\"2019-02-08T15:38:29+00:00\",\"dateModified\":\"2021-07-16T00:58:23+00:00\",\"breadcrumb\":{\"@id\":\"https:\/\/www.estampame.com\/sitioweb\/hace-tu-propio-diseno\/#breadcrumb\"},\"inLanguage\":\"es\",\"potentialAction\":[{\"@type\":\"ReadAction\",\"target\":[\"https:\/\/www.estampame.com\/sitioweb\/hace-tu-propio-diseno\/\"]}]},{\"@type\":\"BreadcrumbList\",\"@id\":\"https:\/\/www.estampame.com\/sitioweb\/hace-tu-propio-diseno\/#breadcrumb\",\"itemListElement\":[{\"@type\":\"ListItem\",\"position\":1,\"name\":\"Portada\",\"item\":\"https:\/\/www.estampame.com\/sitioweb\/\"},{\"@type\":\"ListItem\",\"position\":2,\"name\":\"Hac\u00e9 tu propio Dise\u00f1o!\"}]},{\"@type\":\"WebSite\",\"@id\":\"https:\/\/www.estampame.com\/sitioweb\/#website\",\"url\":\"https:\/\/www.estampame.com\/sitioweb\/\",\"name\":\"Estampame\",\"description\":\"Remeras Personalizadas - Sin M\u00ednimos - Urgentes\",\"potentialAction\":[{\"@type\":\"SearchAction\",\"target\":{\"@type\":\"EntryPoint\",\"urlTemplate\":\"https:\/\/www.estampame.com\/sitioweb\/?s={search_term_string}\"},\"query-input\":{\"@type\":\"PropertyValueSpecification\",\"valueRequired\":true,\"valueName\":\"search_term_string\"}}],\"inLanguage\":\"es\"}]}<\/script>\n<!-- \/ Yoast SEO plugin. -->","yoast_head_json":{"title":"Hac\u00e9 tu propio Dise\u00f1o! - Estampame","robots":{"index":"index","follow":"follow","max-snippet":"max-snippet:-1","max-image-preview":"max-image-preview:large","max-video-preview":"max-video-preview:-1"},"canonical":"https:\/\/www.estampame.com\/sitioweb\/hace-tu-propio-diseno\/","og_locale":"es_ES","og_type":"article","og_title":"Hac\u00e9 tu propio Dise\u00f1o! - Estampame","og_description":"A continuaci\u00f3n te invitamos a enviarnos tu propio dise\u00f1o de Remera, Gorro o Buzo y enviarlo para que te coticemos y realicemos. Pod\u00e9s cambiar el color de la prenda y editar\/agregar textos, im\u00e1genes o fotos desde tu PC o dispositivo, adem\u00e1s de dise\u00f1ar el frente y el dorso. No olvides eliminar las im\u00e1genes y textos ... Leer m\u00e1s","og_url":"https:\/\/www.estampame.com\/sitioweb\/hace-tu-propio-diseno\/","og_site_name":"Estampame","article_publisher":"https:\/\/www.facebook.com\/estampameremeras\/","article_modified_time":"2021-07-16T00:58:23+00:00","og_image":[{"width":816,"height":359,"url":"https:\/\/www.estampame.com\/sitioweb\/wp-content\/uploads\/2020\/04\/Estampame-1.jpg","type":"image\/jpeg"}],"twitter_card":"summary_large_image","twitter_misc":{"Tiempo de lectura":"1 minuto"},"schema":{"@context":"https:\/\/schema.org","@graph":[{"@type":"WebPage","@id":"https:\/\/www.estampame.com\/sitioweb\/hace-tu-propio-diseno\/","url":"https:\/\/www.estampame.com\/sitioweb\/hace-tu-propio-diseno\/","name":"Hac\u00e9 tu propio Dise\u00f1o! - Estampame","isPartOf":{"@id":"https:\/\/www.estampame.com\/sitioweb\/#website"},"datePublished":"2019-02-08T15:38:29+00:00","dateModified":"2021-07-16T00:58:23+00:00","breadcrumb":{"@id":"https:\/\/www.estampame.com\/sitioweb\/hace-tu-propio-diseno\/#breadcrumb"},"inLanguage":"es","potentialAction":[{"@type":"ReadAction","target":["https:\/\/www.estampame.com\/sitioweb\/hace-tu-propio-diseno\/"]}]},{"@type":"BreadcrumbList","@id":"https:\/\/www.estampame.com\/sitioweb\/hace-tu-propio-diseno\/#breadcrumb","itemListElement":[{"@type":"ListItem","position":1,"name":"Portada","item":"https:\/\/www.estampame.com\/sitioweb\/"},{"@type":"ListItem","position":2,"name":"Hac\u00e9 tu propio Dise\u00f1o!"}]},{"@type":"WebSite","@id":"https:\/\/www.estampame.com\/sitioweb\/#website","url":"https:\/\/www.estampame.com\/sitioweb\/","name":"Estampame","description":"Remeras Personalizadas - Sin M\u00ednimos - Urgentes","potentialAction":[{"@type":"SearchAction","target":{"@type":"EntryPoint","urlTemplate":"https:\/\/www.estampame.com\/sitioweb\/?s={search_term_string}"},"query-input":{"@type":"PropertyValueSpecification","valueRequired":true,"valueName":"search_term_string"}}],"inLanguage":"es"}]}},"_links":{"self":[{"href":"https:\/\/www.estampame.com\/sitioweb\/wp-json\/wp\/v2\/pages\/7485","targetHints":{"allow":["GET"]}}],"collection":[{"href":"https:\/\/www.estampame.com\/sitioweb\/wp-json\/wp\/v2\/pages"}],"about":[{"href":"https:\/\/www.estampame.com\/sitioweb\/wp-json\/wp\/v2\/types\/page"}],"author":[{"embeddable":true,"href":"https:\/\/www.estampame.com\/sitioweb\/wp-json\/wp\/v2\/users\/1"}],"replies":[{"embeddable":true,"href":"https:\/\/www.estampame.com\/sitioweb\/wp-json\/wp\/v2\/comments?post=7485"}],"version-history":[{"count":8,"href":"https:\/\/www.estampame.com\/sitioweb\/wp-json\/wp\/v2\/pages\/7485\/revisions"}],"predecessor-version":[{"id":389889,"href":"https:\/\/www.estampame.com\/sitioweb\/wp-json\/wp\/v2\/pages\/7485\/revisions\/389889"}],"wp:attachment":[{"href":"https:\/\/www.estampame.com\/sitioweb\/wp-json\/wp\/v2\/media?parent=7485"}],"curies":[{"name":"wp","href":"https:\/\/api.w.org\/{rel}","templated":true}]}}