{"id":4978,"date":"2015-01-12T18:54:11","date_gmt":"2015-01-12T18:54:11","guid":{"rendered":"http:\/\/www.estampame.com\/sitioweb\/?page_id=4978"},"modified":"2025-03-11T13:15:45","modified_gmt":"2025-03-11T13:15:45","slug":"talles-2","status":"publish","type":"page","link":"https:\/\/www.estampame.com\/sitioweb\/talles-2\/","title":{"rendered":"Talles y Colores"},"content":{"rendered":"\n<p>Contamos con dos l\u00edneas de Remeras, una Est\u00e1ndar con mayor variedad de colores, y una Premium, en donde la molder\u00eda es levemente diferente al corte est\u00e1ndar.&nbsp; <strong>El precio no cambia<\/strong>. La Premium la utilizamos para pedidos mayoristas que se confeccionan bajo demanda, pero siempre que haya disponibilidad de stock las usamos para pedidos minoristas tambi\u00e9n. Solemos contar con stock de blanco, negro, gris melange, azul marino, entre otros. A pedido se pueden confeccionar muchos otros m\u00e1s.<\/p>\n\n\n<p><img loading=\"lazy\" decoding=\"async\" class=\"aligncenter wp-image-390515\" src=\"https:\/\/www.estampame.com\/sitioweb\/wp-content\/uploads\/2025\/02\/Colores2025.png\" alt=\"\" width=\"600\" height=\"829\" srcset=\"https:\/\/www.estampame.com\/sitioweb\/wp-content\/uploads\/2025\/02\/Colores2025.png 2480w, https:\/\/www.estampame.com\/sitioweb\/wp-content\/uploads\/2025\/02\/Colores2025-217x300.png 217w, https:\/\/www.estampame.com\/sitioweb\/wp-content\/uploads\/2025\/02\/Colores2025-741x1024.png 741w, https:\/\/www.estampame.com\/sitioweb\/wp-content\/uploads\/2025\/02\/Colores2025-768x1061.png 768w, https:\/\/www.estampame.com\/sitioweb\/wp-content\/uploads\/2025\/02\/Colores2025-1112x1536.png 1112w, https:\/\/www.estampame.com\/sitioweb\/wp-content\/uploads\/2025\/02\/Colores2025-1482x2048.png 1482w, https:\/\/www.estampame.com\/sitioweb\/wp-content\/uploads\/2025\/02\/Colores2025-600x829.png 600w, https:\/\/www.estampame.com\/sitioweb\/wp-content\/uploads\/2025\/02\/Colores2025-64x88.png 64w\" sizes=\"auto, (max-width: 600px) 100vw, 600px\" \/><\/p>\n<p><img loading=\"lazy\" decoding=\"async\" class=\"aligncenter wp-image-390512\" src=\"https:\/\/www.estampame.com\/sitioweb\/wp-content\/uploads\/2025\/02\/Talles2025.png\" alt=\"Talles y Colores Corte Estandar\" width=\"600\" height=\"1797\" srcset=\"https:\/\/www.estampame.com\/sitioweb\/wp-content\/uploads\/2025\/02\/Talles2025.png 1823w, https:\/\/www.estampame.com\/sitioweb\/wp-content\/uploads\/2025\/02\/Talles2025-100x300.png 100w, https:\/\/www.estampame.com\/sitioweb\/wp-content\/uploads\/2025\/02\/Talles2025-342x1024.png 342w, https:\/\/www.estampame.com\/sitioweb\/wp-content\/uploads\/2025\/02\/Talles2025-768x2301.png 768w, https:\/\/www.estampame.com\/sitioweb\/wp-content\/uploads\/2025\/02\/Talles2025-513x1536.png 513w, https:\/\/www.estampame.com\/sitioweb\/wp-content\/uploads\/2025\/02\/Talles2025-684x2048.png 684w, https:\/\/www.estampame.com\/sitioweb\/wp-content\/uploads\/2025\/02\/Talles2025-600x1797.png 600w, https:\/\/www.estampame.com\/sitioweb\/wp-content\/uploads\/2025\/02\/Talles2025-64x192.png 64w\" sizes=\"auto, (max-width: 600px) 100vw, 600px\" \/><\/p>\n<p><img loading=\"lazy\" decoding=\"async\" class=\"size-full wp-image-390529 aligncenter\" src=\"https:\/\/www.estampame.com\/sitioweb\/wp-content\/uploads\/2025\/03\/Musculosas.png\" alt=\"\" width=\"600\" height=\"543\" srcset=\"https:\/\/www.estampame.com\/sitioweb\/wp-content\/uploads\/2025\/03\/Musculosas.png 600w, https:\/\/www.estampame.com\/sitioweb\/wp-content\/uploads\/2025\/03\/Musculosas-300x272.png 300w, https:\/\/www.estampame.com\/sitioweb\/wp-content\/uploads\/2025\/03\/Musculosas-64x58.png 64w\" sizes=\"auto, (max-width: 600px) 100vw, 600px\" \/><\/p>\n<p><img loading=\"lazy\" decoding=\"async\" class=\"aligncenter wp-image-8265\" src=\"https:\/\/www.estampame.com\/sitioweb\/wp-content\/uploads\/2020\/07\/Remeras-1024x2023.png\" alt=\"Talles Remeras Premium\" width=\"600\" height=\"1185\" \/><\/p>\n<p><img loading=\"lazy\" decoding=\"async\" class=\"aligncenter wp-image-8266\" src=\"https:\/\/www.estampame.com\/sitioweb\/wp-content\/uploads\/2020\/07\/Buzos-1024x1706.png\" alt=\"Buzos Premium\" width=\"600\" height=\"1000\" \/><\/p>","protected":false},"excerpt":{"rendered":"<p>Contamos con dos l\u00edneas de Remeras, una Est\u00e1ndar con mayor variedad de colores, y una Premium, en donde la molder\u00eda es levemente diferente al corte est\u00e1ndar.&nbsp; El precio no cambia. La Premium la utilizamos para pedidos mayoristas que se confeccionan bajo demanda, pero siempre que haya disponibilidad de stock las usamos para pedidos minoristas tambi\u00e9n. &#8230; <a title=\"Talles y Colores\" class=\"read-more\" href=\"https:\/\/www.estampame.com\/sitioweb\/talles-2\/\" aria-label=\"Leer m\u00e1s sobre Talles y Colores\">Leer m\u00e1s<\/a><\/p>\n","protected":false},"author":1,"featured_media":0,"parent":0,"menu_order":0,"comment_status":"closed","ping_status":"closed","template":"","meta":{"footnotes":""},"class_list":["post-4978","page","type-page","status-publish"],"yoast_head":"<!-- This site is optimized with the Yoast SEO plugin v26.3 - https:\/\/yoast.com\/wordpress\/plugins\/seo\/ -->\n<title>Talles y Colores - Estampame<\/title>\n<meta name=\"robots\" content=\"index, follow, max-snippet:-1, max-image-preview:large, max-video-preview:-1\" \/>\n<link rel=\"canonical\" href=\"https:\/\/www.estampame.com\/sitioweb\/talles-2\/\" \/>\n<meta property=\"og:locale\" content=\"es_ES\" \/>\n<meta property=\"og:type\" content=\"article\" \/>\n<meta property=\"og:title\" content=\"Talles y Colores - Estampame\" \/>\n<meta property=\"og:description\" content=\"Contamos con dos l\u00edneas de Remeras, una Est\u00e1ndar con mayor variedad de colores, y una Premium, en donde la molder\u00eda es levemente diferente al corte est\u00e1ndar.&nbsp; El precio no cambia. La Premium la utilizamos para pedidos mayoristas que se confeccionan bajo demanda, pero siempre que haya disponibilidad de stock las usamos para pedidos minoristas tambi\u00e9n. ... Leer m\u00e1s\" \/>\n<meta property=\"og:url\" content=\"https:\/\/www.estampame.com\/sitioweb\/talles-2\/\" \/>\n<meta property=\"og:site_name\" content=\"Estampame\" \/>\n<meta property=\"article:publisher\" content=\"https:\/\/www.facebook.com\/estampameremeras\/\" \/>\n<meta property=\"article:modified_time\" content=\"2025-03-11T13:15:45+00:00\" \/>\n<meta property=\"og:image\" content=\"https:\/\/www.estampame.com\/sitioweb\/wp-content\/uploads\/2025\/02\/Colores2025-741x1024.png\" \/>\n\t<meta property=\"og:image:width\" content=\"741\" \/>\n\t<meta property=\"og:image:height\" content=\"1024\" \/>\n\t<meta property=\"og:image:type\" content=\"image\/png\" \/>\n<meta name=\"twitter:card\" content=\"summary_large_image\" \/>\n<meta name=\"twitter:label1\" content=\"Tiempo de lectura\" \/>\n\t<meta name=\"twitter:data1\" content=\"2 minutos\" \/>\n<script type=\"application\/ld+json\" class=\"yoast-schema-graph\">{\"@context\":\"https:\/\/schema.org\",\"@graph\":[{\"@type\":\"WebPage\",\"@id\":\"https:\/\/www.estampame.com\/sitioweb\/talles-2\/\",\"url\":\"https:\/\/www.estampame.com\/sitioweb\/talles-2\/\",\"name\":\"Talles y Colores - Estampame\",\"isPartOf\":{\"@id\":\"https:\/\/www.estampame.com\/sitioweb\/#website\"},\"primaryImageOfPage\":{\"@id\":\"https:\/\/www.estampame.com\/sitioweb\/talles-2\/#primaryimage\"},\"image\":{\"@id\":\"https:\/\/www.estampame.com\/sitioweb\/talles-2\/#primaryimage\"},\"thumbnailUrl\":\"https:\/\/www.estampame.com\/sitioweb\/wp-content\/uploads\/2025\/02\/Colores2025.png\",\"datePublished\":\"2015-01-12T18:54:11+00:00\",\"dateModified\":\"2025-03-11T13:15:45+00:00\",\"breadcrumb\":{\"@id\":\"https:\/\/www.estampame.com\/sitioweb\/talles-2\/#breadcrumb\"},\"inLanguage\":\"es\",\"potentialAction\":[{\"@type\":\"ReadAction\",\"target\":[\"https:\/\/www.estampame.com\/sitioweb\/talles-2\/\"]}]},{\"@type\":\"ImageObject\",\"inLanguage\":\"es\",\"@id\":\"https:\/\/www.estampame.com\/sitioweb\/talles-2\/#primaryimage\",\"url\":\"https:\/\/www.estampame.com\/sitioweb\/wp-content\/uploads\/2025\/02\/Colores2025.png\",\"contentUrl\":\"https:\/\/www.estampame.com\/sitioweb\/wp-content\/uploads\/2025\/02\/Colores2025.png\",\"width\":2480,\"height\":3426},{\"@type\":\"BreadcrumbList\",\"@id\":\"https:\/\/www.estampame.com\/sitioweb\/talles-2\/#breadcrumb\",\"itemListElement\":[{\"@type\":\"ListItem\",\"position\":1,\"name\":\"Portada\",\"item\":\"https:\/\/www.estampame.com\/sitioweb\/\"},{\"@type\":\"ListItem\",\"position\":2,\"name\":\"Talles y Colores\"}]},{\"@type\":\"WebSite\",\"@id\":\"https:\/\/www.estampame.com\/sitioweb\/#website\",\"url\":\"https:\/\/www.estampame.com\/sitioweb\/\",\"name\":\"Estampame\",\"description\":\"Remeras Personalizadas - Sin M\u00ednimos - Urgentes\",\"potentialAction\":[{\"@type\":\"SearchAction\",\"target\":{\"@type\":\"EntryPoint\",\"urlTemplate\":\"https:\/\/www.estampame.com\/sitioweb\/?s={search_term_string}\"},\"query-input\":{\"@type\":\"PropertyValueSpecification\",\"valueRequired\":true,\"valueName\":\"search_term_string\"}}],\"inLanguage\":\"es\"}]}<\/script>\n<!-- \/ Yoast SEO plugin. -->","yoast_head_json":{"title":"Talles y Colores - Estampame","robots":{"index":"index","follow":"follow","max-snippet":"max-snippet:-1","max-image-preview":"max-image-preview:large","max-video-preview":"max-video-preview:-1"},"canonical":"https:\/\/www.estampame.com\/sitioweb\/talles-2\/","og_locale":"es_ES","og_type":"article","og_title":"Talles y Colores - Estampame","og_description":"Contamos con dos l\u00edneas de Remeras, una Est\u00e1ndar con mayor variedad de colores, y una Premium, en donde la molder\u00eda es levemente diferente al corte est\u00e1ndar.&nbsp; El precio no cambia. La Premium la utilizamos para pedidos mayoristas que se confeccionan bajo demanda, pero siempre que haya disponibilidad de stock las usamos para pedidos minoristas tambi\u00e9n. ... Leer m\u00e1s","og_url":"https:\/\/www.estampame.com\/sitioweb\/talles-2\/","og_site_name":"Estampame","article_publisher":"https:\/\/www.facebook.com\/estampameremeras\/","article_modified_time":"2025-03-11T13:15:45+00:00","og_image":[{"width":741,"height":1024,"url":"https:\/\/www.estampame.com\/sitioweb\/wp-content\/uploads\/2025\/02\/Colores2025-741x1024.png","type":"image\/png"}],"twitter_card":"summary_large_image","twitter_misc":{"Tiempo de lectura":"2 minutos"},"schema":{"@context":"https:\/\/schema.org","@graph":[{"@type":"WebPage","@id":"https:\/\/www.estampame.com\/sitioweb\/talles-2\/","url":"https:\/\/www.estampame.com\/sitioweb\/talles-2\/","name":"Talles y Colores - Estampame","isPartOf":{"@id":"https:\/\/www.estampame.com\/sitioweb\/#website"},"primaryImageOfPage":{"@id":"https:\/\/www.estampame.com\/sitioweb\/talles-2\/#primaryimage"},"image":{"@id":"https:\/\/www.estampame.com\/sitioweb\/talles-2\/#primaryimage"},"thumbnailUrl":"https:\/\/www.estampame.com\/sitioweb\/wp-content\/uploads\/2025\/02\/Colores2025.png","datePublished":"2015-01-12T18:54:11+00:00","dateModified":"2025-03-11T13:15:45+00:00","breadcrumb":{"@id":"https:\/\/www.estampame.com\/sitioweb\/talles-2\/#breadcrumb"},"inLanguage":"es","potentialAction":[{"@type":"ReadAction","target":["https:\/\/www.estampame.com\/sitioweb\/talles-2\/"]}]},{"@type":"ImageObject","inLanguage":"es","@id":"https:\/\/www.estampame.com\/sitioweb\/talles-2\/#primaryimage","url":"https:\/\/www.estampame.com\/sitioweb\/wp-content\/uploads\/2025\/02\/Colores2025.png","contentUrl":"https:\/\/www.estampame.com\/sitioweb\/wp-content\/uploads\/2025\/02\/Colores2025.png","width":2480,"height":3426},{"@type":"BreadcrumbList","@id":"https:\/\/www.estampame.com\/sitioweb\/talles-2\/#breadcrumb","itemListElement":[{"@type":"ListItem","position":1,"name":"Portada","item":"https:\/\/www.estampame.com\/sitioweb\/"},{"@type":"ListItem","position":2,"name":"Talles y Colores"}]},{"@type":"WebSite","@id":"https:\/\/www.estampame.com\/sitioweb\/#website","url":"https:\/\/www.estampame.com\/sitioweb\/","name":"Estampame","description":"Remeras Personalizadas - Sin M\u00ednimos - Urgentes","potentialAction":[{"@type":"SearchAction","target":{"@type":"EntryPoint","urlTemplate":"https:\/\/www.estampame.com\/sitioweb\/?s={search_term_string}"},"query-input":{"@type":"PropertyValueSpecification","valueRequired":true,"valueName":"search_term_string"}}],"inLanguage":"es"}]}},"_links":{"self":[{"href":"https:\/\/www.estampame.com\/sitioweb\/wp-json\/wp\/v2\/pages\/4978","targetHints":{"allow":["GET"]}}],"collection":[{"href":"https:\/\/www.estampame.com\/sitioweb\/wp-json\/wp\/v2\/pages"}],"about":[{"href":"https:\/\/www.estampame.com\/sitioweb\/wp-json\/wp\/v2\/types\/page"}],"author":[{"embeddable":true,"href":"https:\/\/www.estampame.com\/sitioweb\/wp-json\/wp\/v2\/users\/1"}],"replies":[{"embeddable":true,"href":"https:\/\/www.estampame.com\/sitioweb\/wp-json\/wp\/v2\/comments?post=4978"}],"version-history":[{"count":25,"href":"https:\/\/www.estampame.com\/sitioweb\/wp-json\/wp\/v2\/pages\/4978\/revisions"}],"predecessor-version":[{"id":390530,"href":"https:\/\/www.estampame.com\/sitioweb\/wp-json\/wp\/v2\/pages\/4978\/revisions\/390530"}],"wp:attachment":[{"href":"https:\/\/www.estampame.com\/sitioweb\/wp-json\/wp\/v2\/media?parent=4978"}],"curies":[{"name":"wp","href":"https:\/\/api.w.org\/{rel}","templated":true}]}}

<p>Contamos con dos líneas de Remeras, una Estándar con mayor variedad de colores, y una Premium, en donde la moldería es levemente diferente al corte estándar.&nbsp; <strong>El precio no cambia</strong>. La Premium la utilizamos para pedidos mayoristas que se confeccionan bajo demanda, pero siempre que haya disponibilidad de stock las usamos para pedidos minoristas también. Solemos contar con stock de blanco, negro, gris melange, azul marino, entre otros. A pedido se pueden confeccionar muchos otros más.</p>


<p><img loading="lazy" decoding="async" class="aligncenter wp-image-390515" src="https://www.estampame.com/sitioweb/wp-content/uploads/2025/02/Colores2025.png" alt="" width="600" height="829" srcset="https://www.estampame.com/sitioweb/wp-content/uploads/2025/02/Colores2025.png 2480w, https://www.estampame.com/sitioweb/wp-content/uploads/2025/02/Colores2025-217x300.png 217w, https://www.estampame.com/sitioweb/wp-content/uploads/2025/02/Colores2025-741x1024.png 741w, https://www.estampame.com/sitioweb/wp-content/uploads/2025/02/Colores2025-768x1061.png 768w, https://www.estampame.com/sitioweb/wp-content/uploads/2025/02/Colores2025-1112x1536.png 1112w, https://www.estampame.com/sitioweb/wp-content/uploads/2025/02/Colores2025-1482x2048.png 1482w, https://www.estampame.com/sitioweb/wp-content/uploads/2025/02/Colores2025-600x829.png 600w, https://www.estampame.com/sitioweb/wp-content/uploads/2025/02/Colores2025-64x88.png 64w" sizes="auto, (max-width: 600px) 100vw, 600px" /></p>
<p><img loading="lazy" decoding="async" class="aligncenter wp-image-390512" src="https://www.estampame.com/sitioweb/wp-content/uploads/2025/02/Talles2025.png" alt="Talles y Colores Corte Estandar" width="600" height="1797" srcset="https://www.estampame.com/sitioweb/wp-content/uploads/2025/02/Talles2025.png 1823w, https://www.estampame.com/sitioweb/wp-content/uploads/2025/02/Talles2025-100x300.png 100w, https://www.estampame.com/sitioweb/wp-content/uploads/2025/02/Talles2025-342x1024.png 342w, https://www.estampame.com/sitioweb/wp-content/uploads/2025/02/Talles2025-768x2301.png 768w, https://www.estampame.com/sitioweb/wp-content/uploads/2025/02/Talles2025-513x1536.png 513w, https://www.estampame.com/sitioweb/wp-content/uploads/2025/02/Talles2025-684x2048.png 684w, https://www.estampame.com/sitioweb/wp-content/uploads/2025/02/Talles2025-600x1797.png 600w, https://www.estampame.com/sitioweb/wp-content/uploads/2025/02/Talles2025-64x192.png 64w" sizes="auto, (max-width: 600px) 100vw, 600px" /></p>
<p><img loading="lazy" decoding="async" class="size-full wp-image-390529 aligncenter" src="https://www.estampame.com/sitioweb/wp-content/uploads/2025/03/Musculosas.png" alt="" width="600" height="543" srcset="https://www.estampame.com/sitioweb/wp-content/uploads/2025/03/Musculosas.png 600w, https://www.estampame.com/sitioweb/wp-content/uploads/2025/03/Musculosas-300x272.png 300w, https://www.estampame.com/sitioweb/wp-content/uploads/2025/03/Musculosas-64x58.png 64w" sizes="auto, (max-width: 600px) 100vw, 600px" /></p>
<p><img loading="lazy" decoding="async" class="aligncenter wp-image-8265" src="https://www.estampame.com/sitioweb/wp-content/uploads/2020/07/Remeras-1024x2023.png" alt="Talles Remeras Premium" width="600" height="1185" /></p>
<p><img loading="lazy" decoding="async" class="aligncenter wp-image-8266" src="https://www.estampame.com/sitioweb/wp-content/uploads/2020/07/Buzos-1024x1706.png" alt="Buzos Premium" width="600" height="1000" /></p>

<p>Contamos con dos líneas de Remeras, una Estándar con mayor variedad de colores, y una Premium, en donde la moldería es levemente diferente al corte estándar.&nbsp; El precio no cambia. La Premium la utilizamos para pedidos mayoristas que se confeccionan bajo demanda, pero siempre que haya disponibilidad de stock las usamos para pedidos minoristas también. &#8230; <a title="Talles y Colores" class="read-more" href="https://www.estampame.com/sitioweb/talles-2/" aria-label="Leer más sobre Talles y Colores">Leer más</a></p>

<!-- This site is optimized with the Yoast SEO plugin v26.3 - https://yoast.com/wordpress/plugins/seo/ -->
<title>Talles y Colores - Estampame</title>
<meta name="robots" content="index, follow, max-snippet:-1, max-image-preview:large, max-video-preview:-1" />
<link rel="canonical" href="https://www.estampame.com/sitioweb/talles-2/" />
<meta property="og:locale" content="es_ES" />
<meta property="og:type" content="article" />
<meta property="og:title" content="Talles y Colores - Estampame" />
<meta property="og:description" content="Contamos con dos líneas de Remeras, una Estándar con mayor variedad de colores, y una Premium, en donde la moldería es levemente diferente al corte estándar.&nbsp; El precio no cambia. La Premium la utilizamos para pedidos mayoristas que se confeccionan bajo demanda, pero siempre que haya disponibilidad de stock las usamos para pedidos minoristas también. ... Leer más" />
<meta property="og:url" content="https://www.estampame.com/sitioweb/talles-2/" />
<meta property="og:site_name" content="Estampame" />
<meta property="article:publisher" content="https://www.facebook.com/estampameremeras/" />
<meta property="article:modified_time" content="2025-03-11T13:15:45+00:00" />
<meta property="og:image" content="https://www.estampame.com/sitioweb/wp-content/uploads/2025/02/Colores2025-741x1024.png" />
	<meta property="og:image:width" content="741" />
	<meta property="og:image:height" content="1024" />
	<meta property="og:image:type" content="image/png" />
<meta name="twitter:card" content="summary_large_image" />
<meta name="twitter:label1" content="Tiempo de lectura" />
	<meta name="twitter:data1" content="2 minutos" />
<script type="application/ld+json" class="yoast-schema-graph">{"@context":"https://schema.org","@graph":[{"@type":"WebPage","@id":"https://www.estampame.com/sitioweb/talles-2/","url":"https://www.estampame.com/sitioweb/talles-2/","name":"Talles y Colores - Estampame","isPartOf":{"@id":"https://www.estampame.com/sitioweb/#website"},"primaryImageOfPage":{"@id":"https://www.estampame.com/sitioweb/talles-2/#primaryimage"},"image":{"@id":"https://www.estampame.com/sitioweb/talles-2/#primaryimage"},"thumbnailUrl":"https://www.estampame.com/sitioweb/wp-content/uploads/2025/02/Colores2025.png","datePublished":"2015-01-12T18:54:11+00:00","dateModified":"2025-03-11T13:15:45+00:00","breadcrumb":{"@id":"https://www.estampame.com/sitioweb/talles-2/#breadcrumb"},"inLanguage":"es","potentialAction":[{"@type":"ReadAction","target":["https://www.estampame.com/sitioweb/talles-2/"]}]},{"@type":"ImageObject","inLanguage":"es","@id":"https://www.estampame.com/sitioweb/talles-2/#primaryimage","url":"https://www.estampame.com/sitioweb/wp-content/uploads/2025/02/Colores2025.png","contentUrl":"https://www.estampame.com/sitioweb/wp-content/uploads/2025/02/Colores2025.png","width":2480,"height":3426},{"@type":"BreadcrumbList","@id":"https://www.estampame.com/sitioweb/talles-2/#breadcrumb","itemListElement":[{"@type":"ListItem","position":1,"name":"Portada","item":"https://www.estampame.com/sitioweb/"},{"@type":"ListItem","position":2,"name":"Talles y Colores"}]},{"@type":"WebSite","@id":"https://www.estampame.com/sitioweb/#website","url":"https://www.estampame.com/sitioweb/","name":"Estampame","description":"Remeras Personalizadas - Sin Mínimos - Urgentes","potentialAction":[{"@type":"SearchAction","target":{"@type":"EntryPoint","urlTemplate":"https://www.estampame.com/sitioweb/?s={search_term_string}"},"query-input":{"@type":"PropertyValueSpecification","valueRequired":true,"valueName":"search_term_string"}}],"inLanguage":"es"}]}</script>
<!-- / Yoast SEO plugin. -->

Contamos con dos líneas de Remeras, una Estándar con mayor variedad de colores, y una Premium, en donde la moldería es levemente diferente al corte estándar.&nbsp; El precio no cambia. La Premium la utilizamos para pedidos mayoristas que se confeccionan bajo demanda, pero siempre que haya disponibilidad de stock las usamos para pedidos minoristas también. ... Leer más

Remeras Personalizadas - Sin Mínimos - Urgentes
